) to base 11
1109
-103130 (base 4) to base 9
-1632
-232 (base 7) to base 2
-1111001
Convert -4a7 (base 14) to base 2.
-1110100011
-901 (base 16) to base 6
-14401
333231 (base 4) to base 3
12121000
Convert -2644 (base 9) to base 11.
-1544
-41135 (base 6) to base 4
-1111103
-1110111011 (base 2) to base 3
-1022101
-11010110110 (base 2) to base 3
-2100122
1093 (base 10) to base 14
581
What is -4f4 (base 16) in base 5?
-20033
What is -60 (base 15) in base 16?
-5a
3174 (base 8) to base 5
23120
What is -1364 (base 7) in base 9?
-655
What is 234204 (base 6) in base 15?
608a
What is 9191 (base 10) in base 4?
2033213
-25 (base 12) to base 5
-104
-11063 (base 7) to base 5
-42124
What is -723 (base 11) in base 12?
-608
Convert -110350 (base 6) to base 4.
-2033322
6964 (base 12) to base 7
46141
Convert -3945 (base 15) to base 7.
-50420
-1012301 (base 4) to base 13
-20a5
Convert 142502 (base 7) to base 2.
110101011010000
Convert 10101111100110 (base 2) to base 6.
124010
What is 6164 (base 7) in base 3?
2221202
-12121122 (base 3) to base 2
-111111111110
Convert -5b6 (base 14) to base 13.
-699
-14612 (base 8) to base 9
-8864
Convert -2062 (base 7) to base 6.
-3214
74a (base 13) to base 15
580
Convert -1c39 (base 14) to base 4.
-1100123
What is 260 (base 9) in base 14?
116
What is -473 (base 15) in base 11?
-837
What is -10021201102 (base 3) in base 2?
-1111110010100100
What is 513 (base 15) in base 11?
94a
Convert -230 (base 4) to base 14.
-32
Convert 24 (base 13) to base 12.
26
Convert -165 (base 11) to base 8.
-300
Convert -244306 (base 8) to base 9.
-137407
44400 (base 5) to base 13
1546
What is 754 (base 8) in base 14?
272
11030 (base 4) to base 9
408
What is -113214 (base 8) in base 9?
-57772
-5330 (base 11) to base 9
-10604
2037 (base 10) to base 14
a57
-232300 (base 4) to base 13
-1492
Convert -1176 (base 16) to base 15.
-14d0
What is 32123122 (base 4) in base 9?
100054
Convert 10212 (base 4) to base 3.
101220
-47 (base 16) to base 5
-241
-cb3 (base 14) to base 12
-1551
-5928 (base 13) to base 6
-134020
1427 (base 8) to base 16
317
-112 (base 4) to base 6
-34
What is 10040 (base 5) in base 11?
537
Convert -31142 (base 5) to base 7.
-5653
Convert -13083 (base 11) to base 6.
-222405
Convert 19952 (base 10) to base 7.
112112
What is d42 (base 15) in base 3?
11002122
-101010102 (base 3) to base 14
-2994
Convert -102100201 (base 3) to base 15.
-26c1
What is -14663 (base 9) in base 2?
-10011100100100
What is 63 (base 14) in base 7?
153
Convert -1033551 (base 6) to base 16.
-c8cb
Convert -a23 (base 12) to base 13.
-88b
What is 5bb (base 13) in base 7?
2625
Convert -11052 (base 12) to base 7.
-122450
11202120 (base 3) to base 10
3471
53022 (base 7) to base 14
4a82
-4070 (base 8) to base 5
-31404
-5811 (base 14) to base 9
-22883
235 (base 6) to base 16
5f
Convert -4b3 (base 12) to base 7.
-2034
What is -114011 (base 5) in base 6?
-31412
Convert 1011 (base 9) to base 3.
1000101
Convert -1110100101 (base 2) to base 3.
-1021120
1001122 (base 4) to base 16
105a
What is -533 (base 10) in base 13?
-320
What is 100011001110010 (base 2) in base 14?
6802
Convert 22412 (base 5) to base 13.
968
Convert -300320 (base 4) to base 6.
-22252
Convert 21220133 (base 4) to base 6.
502355
What is -122222 (base 3) in base 11?
-401
-200011022 (base 3) to base 6
-141142
What is -3233 (base 8) in base 16?
-69b
What is -22b5 (base 12) in base 4?
-330221
Convert 749 (base 13) to base 7.
3425
7952 (base 15) to base 7
135002
What is 32145 (base 7) in base 6?
100523
Convert -51b (base 14) to base 2.
-1111101101
505 (base 16) to base 4
110011
-1100122222 (base 3) to base 2
-110100001101001
Convert 11001 (base 2) to base 3.
221
What is 2124 (base 11) in base 10?
2809
Convert 151051 (base 6) to base 8.
34247
145124 (base 7) to base 5
1400233
Convert 13321 (base 4) to base 16.
1f9
What is 1b5 (base 14) in base 16?
163
267 (base 8) to base 15
c3
What is 1011101111111 (base 2) in base 3?
22020210
Convert -3138 (base 15) to base 11.
-78a8
Convert -8067 (base 9) to base 5.
-142033
What is -101001111 (base 2) in base 7?
-656
Convert 10132210 (base 4) to base 15.
567a
What is -614 (base 10) in base 13?
-383
21b (base 12) to base 7
623
What is -45145 (base 6) in base 13?
-2b5b
What is 211243 (base 5) in base 12?
4115
18ab (base 12) to base 15
d5b
What is 114 (base 11) in base 14?
9a
What is -53351 (base 6) in base 10?
-7267
Convert -34a (base 14) to base 11.
-545
Convert 24013 (base 8) to base 6.
115243
Convert 1442 (base 10) to base 4.
112202
What is 4f49 (base 16) in base 14?
757b
32103213 (base 4) to base 2
1110010011100111
What is -2153 (base 7) in base 3?
-1001122
What is -408 (base 11) in base 7?
-1302
What is -1014 (base 8) in base 9?
-642
Convert -47 (base 11) to base 6.
-123
232233 (base 4) to base 8
5657
What is 306 (base 12) in base 6?
2010
Convert -14215 (base 8) to base 16.
-188d
What is -205 (base 11) in base 14?
-139
Convert 4d (base 16) to base 4.
1031
Convert 435 (base 10) to base 7.
1161
11111011011011 (base 2) to base 4
3323123
-10401 (base 10) to base 14
-3b0d
What is -2122100112 (base 3) in base 16?
-cb30
Convert -20401 (base 8) to base 16.
-2101
-1904 (base 13) to base 6
-25122
Convert 36 (base 7) to base 15.
1c
-1031 (base 8) to base 3
-201220
-1110000111 (base 2) to base 8
-1607
-47a9 (base 12) to base 14
-2d0d
Convert 1878 (base 13) to base 4.
321000
10294 (base 10) to base 11
7809
3395 (base 12) to base 3
21212012
What is 218 (base 11) in base 15?
126
What is 14459 (base 11) in base 2?
101000000100001
Convert -16521 (base 15) to base 7.
-420001
Convert 254 (base 13) to base 9.
502
What is 410 (base 9) in base 11?
283
What is -5403 (base 9) in base 15?
-129c
Convert -1020 (base 4) to base 8.
-110
4440 (base 5) to base 8
1154
-20044 (base 5) to base 4
-103322
Convert -8b97 (base 16) to base 14.
-d047
What is 139 (base 16) in base 12?
221
3944 (base 10) to base 2
111101101000
Convert 1325 (base 6) to base 4.
11111
Convert -243 (base 9) to base 13.
-126
-3d3a (base 15) to base 11
-9934
What is -13b (base 13) in base 9?
-263
Convert 79aa (base 14) to base 13.
97ca
Convert -19a (base 14) to base 3.
-110022
Convert -301110 (base 4) to base 11.
-240a
What is -871 (base 9) in base 8?
-1310
-37 (base 8) to base 4
-133
Convert -48a1 (base 14) to base 8.
-30615
What is -2011113 (base 5) in base 12?
-16655
464 (base 16) to base 4
101210
What is -11111011 (base 2) in base 6?
-1055
Convert -1d5 (base 14) to base 16.
-17f
1054121 (base 6) to base 8
151441
-72e9 (base 15) to base 14
-8bd4
-10383 (base 9) to base 6
-51503
Convert 1ab9 (base 15) to base 16.
16a7
-16748 (base 11) to base 12
-11746
Convert 5505 (base 14) to base 7.
60605
Convert 503243 (base 6) to base 4.
21223023
Convert -11b3 (base 14) to base 13.
-1543
What is 10011002201 (base 3) in base 9?
104081
What is -2252 (base 9) in base 5?
-23132
What is 8d (base 16) in base 12?
b9
What is -774 (base 12) in base 8?
-2110
Convert -3377 (base 15) to base 6.
-122304
What is 100000100000 (base 2) in base 14?
a88
Convert 443 (base 7) to base 10.
227
560 (base 8) to base 5
2433
What is -12446 (base 7) in base 5?
-101232
Convert 1021121012 (base 3) to base 14.
9299
-16330 (base 7) to base 11
-3527
132304 (base 5) to base 15
18a4
What is -112022 (base 8) in base 11?
-26530
What is -361 (base 11) in base 3?
-120221
-1313 (base 12) to base 16
-87f
128bb (base 13) to base 3
1202021100
What is -1a22 (base 11) in base 14?
-d13
-1137 (base 10) to base 7
-3213
a865 (base 12) to base 13
856a
Convert -1300213 (base 4) to base 7.
-30004
Convert 705 (base 9) to base 10.
572
Convert 10421 (base 5) to base 10.
736
Convert -43227 (base 9) to base 3.
-1110020221
-120102202 (base 3) to base 10
-11252
What is 2d48 (base 14) in base 5?
224400
Convert 14a4 (base 15) to base 13.
2029
Convert 44362 (base 7) to base 2.
10101110011111
What is -3042 (base 12) in base 3?
-21011212
Convert -14476 (base 8) to base 16.
-193e
Convert 1b08 (base 16) to base 7.
26114
2244 (base 7) to base 12
580
Convert 2033 (base 4) to base 15.
98
Convert -10001110010010 (base 2) to base 4.
-2032102
What is -235 (base 11) in base 16?
-118
1302032 (base 5) to base 4
12022303
-10606 (base 7) to base 11
-2036
Convert 122011 (base 5) to base 2.
1001000010111
Convert 101001111001 (base 2